sands digit of 185893?
5
What is the hundreds digit of 632?
6
What is the tens digit of 2953?
5
What is the tens digit of 3142?
4
What is the tens digit of 751?
5
What is the hundreds digit of 25817?
8
What is the hundreds digit of 336?
3
What is the thousands digit of 9669?
9
What is the units digit of 7875?
5
What is the tens digit of 38?
3
What is the tens digit of 3403?
0
What is the hundreds digit of 5030?
0
What is the thousands digit of 26142?
6
What is the hundreds digit of 2389?
3
What is the hundreds digit of 222?
2
What is the hundreds digit of 2488?
4
What is the units digit of 4551?
1
What is the hundreds digit of 49286?
2
What is the ten thousands digit of 33814?
3
What is the units digit of 26280?
0
What is the units digit of 5276?
6
What is the units digit of 2265?
5
What is the tens digit of 4596?
9
What is the units digit of 9?
9
What is the hundreds digit of 1552?
5
What is the units digit of 23?
3
What is the thousands digit of 15245?
5
What is the hundreds digit of 46178?
1
What is the hundreds digit of 3366?
3
What is the ten thousands digit of 26742?
2
What is the thousands digit of 2099?
2
What is the hundreds digit of 19761?
7
What is the ten thousands digit of 15502?
1
What is the thousands digit of 3153?
3
What is the hundreds digit of 10379?
3
What is the ten thousands digit of 11318?
1
What is the tens digit of 62766?
6
What is the tens digit of 817?
1
What is the hundreds digit of 93135?
1
What is the hundreds digit of 233?
2
What is the hundreds digit of 29053?
0
What is the hundreds digit of 745?
7
What is the units digit of 3298?
8
What is the hundreds digit of 230?
2
What is the tens digit of 4658?
5
What is the tens digit of 807?
0
What is the ten thousands digit of 15965?
1
What is the hundreds digit of 31534?
5
What is the tens digit of 22748?
4
What is the units digit of 143078?
8
What is the units digit of 16355?
5
What is the units digit of 5405?
5
What is the tens digit of 1383?
8
What is the units digit of 68720?
0
What is the tens digit of 3099?
9
What is the hundreds digit of 17380?
3
What is the tens digit of 355?
5
What is the hundred thousands digit of 147838?
1
What is the tens digit of 40326?
2
What is the units digit of 22286?
6
What is the hundreds digit of 16433?
4
What is the hundreds digit of 23113?
1
What is the units digit of 4227?
7
What is the units digit of 1564?
4
What is the hundreds digit of 830?
8
What is the thousands digit of 1003?
1
What is the units digit of 406?
6
What is the thousands digit of 25952?
5
What is the hundreds digit of 35731?
7
What is the tens digit of 7020?
2
What is the thousands digit of 22154?
2
What is the units digit of 3563?
3
What is the units digit of 19061?
1
What is the thousands digit of 23892?
3
What is the thousands digit of 10620?
0
What is the units digit of 23314?
4
What is the thousands digit of 52094?
2
What is the units digit of 574?
4
What is the tens digit of 35936?
3
What is the tens digit of 1962?
6
What is the units digit of 53754?
4
What is the tens digit of 1877?
7
What is the hundreds digit of 1307?
3
What is the units digit of 21679?
9
What is the thousands digit of 1623?
1
What is the tens digit of 2861?
6
What is the hundreds digit of 1221?
2
What is the hundreds digit of 398?
3
What is the tens digit of 546?
4
What is the thousands digit of 55474?
5
What is the tens digit of 9223?
2
What is the units digit of 13530?
0
What is the ten thousands digit of 15723?
1
What is the thousands digit of 6751?
6
What is the units digit of 48473?
3
What is the tens digit of 2527?
2
What is the thousands digit of 1912?
1
What is the units digit of 31928?
8
What is the tens digit of 54053?
5
What is the tens digit of 7367?
6
What is the thousands digit of 22840?
2
What is the hundreds digit of 51888?
8
What is the tens digit of 3168?
6
What is the hundreds digit of 30543?
5
What is the thousands digit of 1507?
1
What is the thousands digit of 31907?
1
What is the thousands digit of 38664?
8
What is the thousands digit of 30375?
0
What is the thousands digit of 1811?
1
What is the hundreds digit of 78762?
7
What is the hundreds digit of 22163?
1
What is the hundreds digit of 6560?
5
What is the tens digit of 2129?
2
What is the ten thousands digit of 20241?
2
What is the thousands digit of 1301?
1
What is the thousands digit of 54101?
4
What is the hundreds digit of 31107?
1
What is the hundreds digit of 196?
1
What is the ten thousands digit of 40606?
4
What is the units digit of 7197?
7
What is the hundreds digit of 52999?
9
What is the thousands digit of 2050?
2
What is the tens digit of 80402?
0
What is the tens digit of 18394?
9
What is the thousands digit of 14656?
4
What is the units digit of 6835?
5
What is the ten thousands digit of 21016?
2
What is the hundreds digit of 38845?
8
What is the hundreds digit of 9943?
9
What is the hundreds digit of 17591?
5
What is the units digit of 91?
1
What is the units digit of 3108?
8
What is the units digit of 603?
3
What is the hundreds digit of 850?
8
What is the thousands digit of 1998?
1
What is the hundreds digit of 1188?
1
What is the thousands digit of 81608?
1
What is the thousands digit of 47786?
7
What is the ten thousands digit of 10032?
1
What is the tens digit of 404?
0
What is the ten thousands digit of 15411?
1
What is the thousands digit of 5393?
5
What is the thousands digit of 1137?
1
What is the units digit of 38957?
7
What is the ten thousands digit of 21147?
2
What is the hundreds digit of 212?
2
What is the units digit of 9367?
7
What is the thousands digit of 1401?
1
What is the hundreds digit of 5463?
4
What is the units digit of 1458?
8
What is the thousands digit of 34287?
4
What is the ten thousands digit of 13432?
1
What is the tens digit of 4988?
8
What is the tens digit of 2068?
6
What is the hundreds digit of 1698?
6
What is the tens digit of 18389?
8
What is the units digit of 9218?
8
What is the units digit of 1656?
6
What is the units digit of 288?
8
What is the tens digit of 3510?
1
What is the units digit of 19?
9
What is the tens digit of 594?
9
What is the tens digit of 8896?
9
What is the thousands digit of 1025?
1
What is the units digit of 93?
3
What is the tens digit of 2062?
6
What is the units digit of 2966?
6
What is the units digit of 624?
4
What is the thousands digit of 3490?
3
What is the hundreds digit of 729?
7
What is the tens digit of 59139?
3
What is the hundreds digit of 723?
7
What is the tens digit of 9611?
1
What is the tens digit of 1021?
2
What is the units digit of 12997?
7
What is the tens digit of 41823?
2
What is the units digit of 29786?
6
What is the hundreds digit of 1566?
5
What is the tens digit of 55?
5
What is the tens digit of 28700?
0
What is the thousands digit of 31378?
1
What is the ten thousands digit of 10089?
1
What is the units digit of 24?
4
What is the thousands digit of 8879?
8
What is the units digit of 19161?
1
What is the hundreds digit of 22709?
7
What is the units digit of 15693?
3
What is the hundreds digit of 13867?
8
What is the hundreds digit of 153858?
8
What is the hundreds digit of 4028?
0
What is the units digit of 37944?
4
What is the ten thousands digit of 43949?
4
What is the thousands digit of 64214?
4
What is the units digit of 106159?
9
What is the units digit of 2865?
5
What is the units digit of 17217?
7
What is the tens digit of 3809?
0
What is the units digit of 2247?
7
What is the units digit of 5363?
3
What is the units digit of 56080?
0
What is the tens digit of 47489?
8
What is the ten thousands digit of 14896?
1
What is the units digit of 1328?
8
What is the thousands digit of 4639?
4
What is the thousands digit of 9416?
9
What is the hundred thousands digit of 158312?
1
What is the hundreds digit of 1978?
9
What is the units digit of 470?
0
What is the tens digit of 1302?
0
What is the hundreds digit of 1602?
6
What is the hundreds digit of 13705?
7
What is the tens digit of 996?
9
What is the hundreds digit of 263?
2
What is the hundreds digit of 2047?
0
What is the units digit of 248?
8
What is the thousands digit of 56357?
6
What is the ten thousands digit of 18224?
1
What is the units digit of 660?
0
What is the thousands digit of 16201?
6
What is the hundreds digit of 7336?
3
What